prime factors of t.
2, 113
Let j(r) = r**2 + 4*r + 1. Let p(k) = -1 - 5 - k**2 - 9*k + 4. Let s(t) = 9*j(t) + 4*p(t). List the prime factors of s(1).
2, 3
Let f(a) = -7*a - 7. Let v(r) = 6*r + 6. Let k(p) = -4*f(p) - 5*v(p). Suppose 6*i + 0 = -42. What are the prime factors of k(i)?
2, 3
Suppose 0 = 5*m - 25, -3*z - 5*m - 13 = -161. What are the prime factors of z?
41
Let o = 16 - 13. List the prime factors of (-3 - -7) + 27/o.
13
Suppose -9*n - 324 = -12*n. List the prime factors of n.
2, 3
Let d(p) = -1 + 7 - p**3 - 5*p**2 + 0*p**3. List the prime factors of d(-5).
2, 3
Let y = -16 + 39. Let q = 13 - y. Let m = q - -20. List the prime factors of m.
2, 5
List the prime factors of 388/10 + 1/5.
3, 13
Suppose -10*w + 7*w + 60 = 0. What are the prime factors of w?
2, 5
Suppose 3*v = -4*t - 164, 3*t - 4*t - 48 = -v. Let b = -31 - t. List the prime factors of b.
13
Suppose 9 = 2*l - 5*c - 10, 0 = 3*l + 2*c. Suppose 108 = 4*r + 4*q, 2*r + 150 = 7*r + l*q. What are the prime factors of r?
2
Suppose k = -3*k + 8. List the prime factors of 13 - -3 - 2 - k.
2, 3
Suppose 0 = 5*z + 17 + 8. Let l(t) = -8*t - 2. What are the prime factors of l(z)?
2, 19
Suppose -2*l - 4 = -6. Let c be -6*-1*l/2. Suppose -2*m = -c*m + 21. List the prime factors of m.
3, 7
Suppose 2 = -2*g - 2*h, g - 4*g + 3*h = -27. Suppose g*b - 24 = -0*b. Suppose 0 = 3*s + b - 42. What are the prime factors of s?
2, 3
Let l(s) = 3 + s + s**2 + 2*s + 1 - 2. List the prime factors of l(-4).
2, 3
Let d = 0 + 0. Suppose -9 = -3*p - d*p + n, 6 = 2*p + n. List the prime factors of p.
3
Let x(b) be the first derivative of b**3/3 - b**2/2 + 7. Suppose 3*c = -4*o - 11, 4*c - 3*o - 2 + 0 = 0. What are the prime factors of x(c)?
2
Suppose -2*r = -5 - 49. What are the prime factors of r?
3
Let b(z) = -z**2 + 15*z + 19. List the prime factors of b(14).
3, 11
Let g(j) = -2*j + 3. Let f be g(-5). Suppose 0 = 5*o - 25, -5*a + 3*o + 10 = -135. Suppose -4*s + a = 2*u, 0 = 2*u - s - 4 - f. List the prime factors of u.
2, 5
Let j(a) be the second derivative of a**4/12 - 5*a**3/6 + 3*a**2 + 2*a. What are the prime factors of j(4)?
2
Suppose -11 = -g - 4*f, -2*f - f + 37 = 2*g. What are the prime factors of g?
23
Let y(w) = w**2 + 1 - 4*w - 1 - 4. List the prime factors of y(7).
17
Suppose b - 76 = -b. List the prime factors of b.
2, 19
Suppose 0*v + 20 = -4*v. Let k = v - -21. Suppose 0 = 5*h - 39 - k. List the prime factors of h.
11
Let l be (-8)/(-12)*(2 - -1). Let n(a) = -21*a**2 - 11*a + 4. Let w(g) = 10*g**2 + 5*g - 2. Let h(k) = 6*n(k) + 13*w(k). List the prime factors of h(l).
2, 3
Let g(c) = 2*c + 1. Let i be g(-2). Let s = 8 - i. What are the prime factors of s?
11
Let u(l) = l + 5. Let o be u(-3). Let w = 8 + o. What are the prime factors of w?
2, 5
Let t(v) be the second derivative of -v + 0*v**3 + 1/2*v**2 - 1/20*v**5 + 1/3*v**4 + 0. What are the prime factors of t(3)?
2, 5
Let d be (2/(-1))/(-2) - 0. Let p(o) = d + 2*o**2 - 2 + 1. List the prime factors of p(2).
2
List the prime factors of (-12)/(-4) + (-2 - -82).
83
Suppose -5*y + 476 = 76. List the prime factors of y.
2, 5
Suppose 5*w - 10 = 0, -8*p + 3*p + 5*w = -110. Suppose -32 = -4*n + p. What are the prime factors of 0 - (1 - n) - 0?
13
Let z(g) = 3*g**2 + 6*g + 8. Let v be z(6). Suppose -5*a + 76 = 3*o, -2*a = 4*o + o - v. Suppose -8 = -5*m + o. List the prime factors of m.
2
Suppose -17 - 108 = -5*n. List the prime factors of n.
5
Let s = -21 + 33. Let y = s + -27. List the prime factors of (y/4)/((-4)/16).
3, 5
Suppose -4*c - 28 = -2*k, 13 = 2*k - 5*c - 16. Let u = k + -10. What are the prime factors of u?
2
Let o be ((-8)/(-10))/(8/20). Suppose 0 = -o*k + 2*g - 6 + 32, -64 = -5*k + 4*g. What are the prime factors of k?
2, 3
Let a(d) be the first derivative of 1/2*d**2 - d - 2. List the prime factors of a(8).
7
Let h = -15 - -21. Suppose w = h*w. Suppose -2*p - 2*p + 8 = w. What are the prime factors of p?
2
Let d(n) = -20*n + 6*n + 0 - 3 + 2. What are the prime factors of d(-1)?
13
Suppose -4*k + 7 + 49 = 0. What are the prime factors of k?
2, 7
Suppose -6*p + 4*p + 38 = 0. Suppose -p - 15 = -2*w. What are the prime factors of w?
17
Let v be 5 - 6 - (0 + -1). List the prime factors of v + (-140)/(-5 - -1).
5, 7
Suppose 0 = 4*v - 0*u - 3*u - 268, -3*u = 0. Let n = -39 + v. What are the prime factors of n?
2, 7
List the prime factors of (-6)/27 - (-1120)/18.
2, 31
Let w(t) = t + 4. What are the prime factors of w(7)?
11
Let t(j) = j**3 + 11*j**2 + 10*j + 12. Suppose 3*v = 5*n + 47, 0 = 2*n + 3*v + 31 - 8. List the prime factors of t(n).
2, 3
Suppose 0 = 2*a - 14 + 4. List the prime factors of (a - 6) + 3*1.
2
Let g(r) = -r**2 + 25*r - 21. What are the prime factors of g(24)?
3
Suppose 6*i - 2*i - 20 = 0. Suppose 2 = -i*f - 3. List the prime factors of (f - 0)/(5/(-10)).
2
Suppose -5*x + 7 + 8 = 0. Suppose -4*h + 2*h + 6 = 0. Suppose 0 = -h*m - x*k + 30, 4*m - 6*m = -k - 26. List the prime factors of m.
2, 3
Let d be ((1 - 2) + -12)*-1. Suppose 0*c + c + d = 5*p, 2*p - 16 = -5*c. Suppose -47 = -4*r - 3*o, 6*o = 3*r + c*o - 54. List the prime factors of r.
2, 7
Let v be (-5)/1 - (-3)/3. Let d = 32 + -20. What are the prime factors of (-2)/v*0 + d?
2, 3
List the prime factors of 172/6*(-18)/(-12).
43
Suppose -4*k - 544 = -5*k. What are the prime factors of (-32)/144 + k/18?
2, 3, 5
Let w(j) = -j**2 - 15*j + 2. What are the prime factors of w(-11)?
2, 23
Suppose 0*p = 3*p - 36. List the prime factors of (-2)/(-3) + 100/p.
3
Suppose 0 = 3*p - 70 + 43. List the prime factors of p.
3
Let b = -301 + 448. List the prime factors of b.
3, 7
Suppose 4*c + 60 = 5*s, 6*s - 3*s = c + 29. Suppose -3*i + 2*x = -34, -5*i + s = -3*x - 47. What are the prime factors of i?
2
Let x(d) = d**3 + 10*d**2 + 10*d + 11. Let i be x(-9). List the prime factors of 5 - (0 + i + -3).
2, 3
Let s be 8/(-36) - (-32)/(-18). What are the prime factors of (6*-5)/(2/s)?
2, 3, 5
Let m = -4 - -9. Suppose 40 = -q + m*q. What are the prime factors of (-6)/(-10) + 154/q?
2
Let d be (1 + 0)*(2 - -4). Let y be (-3)/6 - 81/d. Let g = 25 + y. What are the prime factors of g?
11
Let w(r) = -9*r - 6. Let j be w(-5). Suppose 5*m + j = -36. Let z = 27 + m. What are the prime factors of z?
2, 3
Let d be (-8 - -9) + 5*1. Let m(q) = -q**3 + 6*q**2 + 6*q - 9. List the prime factors of m(d).
3
Let q be ((-6)/2 - -1) + 6. Let u = q - 3. Let a = u - -3. List the prime factors of a.
2
Let o = -52 + 76. List the prime factors of o.
2, 3
Suppose -4*g = 26 + 14. Suppose 3*j - 12 = 7*j. List the prime factors of ((-12)/g)/(j/(-40)).
2
Suppose w - 10 = -w. What are the prime factors of (-2)/w + (-87)/(-5)?
17
Suppose v = -3*g - 1 - 13, -3*v + g - 2 = 0. List the prime factors of 1 + (-2 - v) + 11.
2, 3
Let l(a) = -2*a + 0*a - 4 + 6*a**2 - a**3 + 3*a. Let w be l(6). Suppose -17 = -w*r - 3. What are the prime factors of r?
7
List the prime factors of (-495)/(-6) + (-3)/2.
3
Let s be (2/3)/(6/45). Suppose 4*c - c = -3*i + 75, -4*i - s*c = -95. List the prime factors of i.
2, 3, 5
Let b be (2 + 3/(-1))*-2. Suppose 4*n - 19 = -i, n = 3*i - b*i - 14. List the prime factors of i.
3, 5
Suppose -786 = -10*y + 4*y. List the prime factors of y.
131
Let f(k) = k**2 + 5*k - 2. Let p(a) = 1. Let b(s) = -f(s) - p(s). Let r be b(-5). Let x = r + 12. List the prime factors of x.
13
Let a(f) = f**2 + 17. Let u(h) = h**3 - 2*h**2 + 1. Let o be u(1). List the prime factors of a(o).
17
Let b be ((-1)/(-3))/((-5)/(-15)). Suppose 2*h = 5*i + h - 11, 4 = i - 2*h. List the prime factors of 13 + b/((-1)/i).
11
Let s = -19 + 31. List the prime factors of s.
2, 3
Let k = -27 + 48. List the prime factors of k.
3, 7
Let t(j) = 2*j + 6. Let v be t(-6). List the prime factors of 6/(-3*v/27).
3
Suppose 3*p + 4*b = -0*b + 148, 117 = 2*p - b. What are the prime factors of p?
2, 7
Suppose 5*z - 279 + 1420 = 4*v, -566 = -2*v + 4*z. List the prime factors of v.
17
Let r be (24/20)/((-1)/(-5)). Suppose 0*l + l = r. List the prime factors of (-1)/3 - (-50)/l.
2
Let l(t) = 2*t + 5. Let h be l(-4). What are the prime factors of (-6)/2 - 11*h?
2, 3, 5
Let q = -1 + 5. Suppose -m + 10 = q*m. Suppose 2*c = -c + 4*g + 22, 0 = -c + m*g + 6. What are the prime factors of c?
2, 5
Let v(t) = -t**3 + t**2 + t - 1. Let u be v(1). Suppose u*f + 10 = 